{"id":31,"date":"2020-11-19T22:04:47","date_gmt":"2020-11-19T21:04:47","guid":{"rendered":"https:\/\/www.homolumbricus.eu\/?page_id=31"},"modified":"2021-04-23T10:35:36","modified_gmt":"2021-04-23T08:35:36","slug":"network","status":"publish","type":"page","link":"https:\/\/www.homolumbricus.eu\/de\/vision\/network\/","title":{"rendered":"Kooperationen"},"content":{"rendered":"<h1>Kooperationen und Netzwerk<\/h1>\n\n\n<p>Das Kooperieren mit zahlreichen Partnern aus der regenerativen Landwirtschaft und der Agroforst in Deutschland sowie Frankreich gew\u00e4hrleistet eine umfangreiche und vielf\u00e4ltige Fachexpertise.<\/p>\n<p>Besonders zu nennen sind :<\/p>\n<p>Burkhard Kayser (<a href=\"http:\/\/www.nachhaltige-landnutzung.de\/\">Beratung f\u00fcr nachhaltige Landnutzung<\/a>),<\/p>\n<p>Christiane L\u00fcst (<a href=\"http:\/\/www.oeko-und-fair.de\/\">\u00d6ko und Fair<\/a>, Gauting),<\/p>\n<p>SoLawi <a href=\"http:\/\/sonnenwurzel.de\/\" target=\"_blank\" rel=\"noopener noreferrer\">Sonnenwurzel<\/a>, Reichling<\/p>\n<p><\/p>\n<p>Ich bin Mitglied :<\/p>\n<ul>\n<li>des Deutschen Fachverbands f\u00fcr Agroforstwirtschaft (<a href=\"https:\/\/agroforst-info.de\/\" target=\"_blank\" rel=\"noopener noreferrer\">DeFaF<\/a>) e.V.<\/li>\n<li>der European Agroforestry Federation (<a href=\"https:\/\/euraf.isa.utl.pt\/welcome\" target=\"_blank\" rel=\"noopener noreferrer\">Euraf<\/a>)<\/li>\n<li>der Association Fran<span class=\"aCOpRe\">\u00e7<\/span>aise Arbres Champ\u00eatres et Agroforesteries (<a href=\"https:\/\/afac-agroforesteries.fr\/\" target=\"_blank\" rel=\"noopener noreferrer\">Afac-Agroforesteries<\/a>)<\/li>\n<li>der Association Fran<span class=\"aCOpRe\">\u00e7<\/span>aise d&#8217;AgroForesterie (<a href=\"https:\/\/www.agroforesterie.fr\/index.php\">AFAF<\/a>)<\/li>\n<li>der Association <a href=\"https:\/\/ap32.fr\/\">Arbre et Paysage 32<\/a><\/li>\n<\/ul>\n\n\n<p><\/p>","protected":false},"excerpt":{"rendered":"<p>Kooperationen und Netzwerk Das Kooperieren mit zahlreichen Partnern aus der regenerativen Landwirtschaft und der Agroforst in Deutschland sowie Frankreich gew\u00e4hrleistet eine umfangreiche und vielf\u00e4ltige Fachexpertise. Besonders zu nennen sind : Burkhard Kayser (Beratung f\u00fcr nachhaltige Landnutzung), Christiane L\u00fcst (\u00d6ko und Fair, Gauting), SoLawi Sonnenwurzel, Reichling Ich bin Mitglied : des Deutschen Fachverbands f\u00fcr Agroforstwirtschaft (DeFaF) e.V. der European Agroforestry Federation (Euraf) der Association Fran\u00e7aise Arbres Champ\u00eatres et Agroforesteries (Afac-Agroforesteries) der Association Fran\u00e7aise d&#8217;AgroForesterie (AFAF) der Association Arbre et Paysage 32<\/p>\n","protected":false},"author":1,"featured_media":682,"parent":26,"menu_order":0,"comment_status":"closed","ping_status":"closed","template":"template-parts\/page-template-no-sidebar.php","meta":[],"yoast_head":"<!-- This site is optimized with the Yoast SEO plugin v20.6 - https:\/\/yoast.com\/wordpress\/plugins\/seo\/ -->\n<title>Homo lumbricus &bull; Netzwerk, Mitgliedschaft und Kooperationen<\/title>\n<meta name=\"description\" content=\"Ich kooperiere mit zahlreichen Partnern. Ich bin Mitglied des Deutschen Fachverbands f\u00fcr Agroforstwirtschaft (DeFaF) e.V.\" \/>\n<meta name=\"robots\" content=\"index, follow, max-snippet:-1, max-image-preview:large, max-video-preview:-1\" \/>\n<link rel=\"canonical\" href=\"https:\/\/www.homolumbricus.eu\/fr\/vision\/network\/\" \/>\n<meta property=\"og:locale\" content=\"de_DE\" \/>\n<meta property=\"og:type\" content=\"article\" \/>\n<meta property=\"og:title\" content=\"Homo lumbricus &bull; Netzwerk, Mitgliedschaft und Kooperationen\" \/>\n<meta property=\"og:description\" content=\"Ich kooperiere mit zahlreichen Partnern. Ich bin Mitglied des Deutschen Fachverbands f\u00fcr Agroforstwirtschaft (DeFaF) e.V.\" \/>\n<meta property=\"og:url\" content=\"https:\/\/www.homolumbricus.eu\/fr\/vision\/network\/\" \/>\n<meta property=\"og:site_name\" content=\"Homo lumbricus\" \/>\n<meta property=\"article:modified_time\" content=\"2021-04-23T08:35:36+00:00\" \/>\n<meta property=\"og:image\" content=\"https:\/\/www.homolumbricus.eu\/wp-content\/uploads\/2021\/03\/Innerbanier4.jpg\" \/>\n\t<meta property=\"og:image:width\" content=\"1400\" \/>\n\t<meta property=\"og:image:height\" content=\"380\" \/>\n\t<meta property=\"og:image:type\" content=\"image\/jpeg\" \/>\n<meta name=\"twitter:card\" content=\"summary_large_image\" \/>\n<meta name=\"twitter:label1\" content=\"Gesch\u00e4tzte Lesezeit\" \/>\n\t<meta name=\"twitter:data1\" content=\"1\u00a0Minute\" \/>\n<script type=\"application\/ld+json\" class=\"yoast-schema-graph\">{\"@context\":\"https:\/\/schema.org\",\"@graph\":[{\"@type\":\"WebPage\",\"@id\":\"https:\/\/www.homolumbricus.eu\/fr\/vision\/network\/\",\"url\":\"https:\/\/www.homolumbricus.eu\/fr\/vision\/network\/\",\"name\":\"Homo lumbricus &bull; Netzwerk, Mitgliedschaft und Kooperationen\",\"isPartOf\":{\"@id\":\"https:\/\/www.homolumbricus.eu\/de\/#website\"},\"datePublished\":\"2020-11-19T21:04:47+00:00\",\"dateModified\":\"2021-04-23T08:35:36+00:00\",\"description\":\"Ich kooperiere mit zahlreichen Partnern. Ich bin Mitglied des Deutschen Fachverbands f\u00fcr Agroforstwirtschaft (DeFaF) e.V.\",\"breadcrumb\":{\"@id\":\"https:\/\/www.homolumbricus.eu\/fr\/vision\/network\/#breadcrumb\"},\"inLanguage\":\"de\",\"potentialAction\":[{\"@type\":\"ReadAction\",\"target\":[\"https:\/\/www.homolumbricus.eu\/fr\/vision\/network\/\"]}]},{\"@type\":\"BreadcrumbList\",\"@id\":\"https:\/\/www.homolumbricus.eu\/fr\/vision\/network\/#breadcrumb\",\"itemListElement\":[{\"@type\":\"ListItem\",\"position\":1,\"name\":\"Accueil\",\"item\":\"https:\/\/www.homolumbricus.eu\/de\/\"},{\"@type\":\"ListItem\",\"position\":2,\"name\":\"Vision\",\"item\":\"https:\/\/www.homolumbricus.eu\/fr\/vision\/\"},{\"@type\":\"ListItem\",\"position\":3,\"name\":\"Partenaires\"}]},{\"@type\":\"WebSite\",\"@id\":\"https:\/\/www.homolumbricus.eu\/de\/#website\",\"url\":\"https:\/\/www.homolumbricus.eu\/de\/\",\"name\":\"Homo lumbricus\",\"description\":\"Beratung, Coaching und Vortr\u00e4ge zu Agroforst, lebendigen B\u00f6den, Waldg\u00e4rten und Permakultur\",\"publisher\":{\"@id\":\"https:\/\/www.homolumbricus.eu\/de\/#\/schema\/person\/ccda8c386f79faf31c9611a587555f8b\"},\"potentialAction\":[{\"@type\":\"SearchAction\",\"target\":{\"@type\":\"EntryPoint\",\"urlTemplate\":\"https:\/\/www.homolumbricus.eu\/de\/?s={search_term_string}\"},\"query-input\":\"required name=search_term_string\"}],\"inLanguage\":\"de\"},{\"@type\":[\"Person\",\"Organization\"],\"@id\":\"https:\/\/www.homolumbricus.eu\/de\/#\/schema\/person\/ccda8c386f79faf31c9611a587555f8b\",\"name\":\"S\u00e9bastien Masclet\",\"image\":{\"@type\":\"ImageObject\",\"inLanguage\":\"de\",\"@id\":\"https:\/\/www.homolumbricus.eu\/de\/#\/schema\/person\/image\/\",\"url\":\"https:\/\/secure.gravatar.com\/avatar\/59295af188e5b2876e245c63b0614aba?s=96&d=mm&r=g\",\"contentUrl\":\"https:\/\/secure.gravatar.com\/avatar\/59295af188e5b2876e245c63b0614aba?s=96&d=mm&r=g\",\"caption\":\"S\u00e9bastien Masclet\"},\"logo\":{\"@id\":\"https:\/\/www.homolumbricus.eu\/de\/#\/schema\/person\/image\/\"},\"sameAs\":[\"https:\/\/www.homolumbricus.eu\",\"https:\/\/www.linkedin.com\/in\/s\u00e9bastien-masclet-605b4732\/\"]}]}<\/script>\n<!-- \/ Yoast SEO plugin. -->","yoast_head_json":{"title":"Homo lumbricus &bull; Netzwerk, Mitgliedschaft und Kooperationen","description":"Ich kooperiere mit zahlreichen Partnern. Ich bin Mitglied des Deutschen Fachverbands f\u00fcr Agroforstwirtschaft (DeFaF) e.V.","robots":{"index":"index","follow":"follow","max-snippet":"max-snippet:-1","max-image-preview":"max-image-preview:large","max-video-preview":"max-video-preview:-1"},"canonical":"https:\/\/www.homolumbricus.eu\/fr\/vision\/network\/","og_locale":"de_DE","og_type":"article","og_title":"Homo lumbricus &bull; Netzwerk, Mitgliedschaft und Kooperationen","og_description":"Ich kooperiere mit zahlreichen Partnern. Ich bin Mitglied des Deutschen Fachverbands f\u00fcr Agroforstwirtschaft (DeFaF) e.V.","og_url":"https:\/\/www.homolumbricus.eu\/fr\/vision\/network\/","og_site_name":"Homo lumbricus","article_modified_time":"2021-04-23T08:35:36+00:00","og_image":[{"width":1400,"height":380,"url":"https:\/\/www.homolumbricus.eu\/wp-content\/uploads\/2021\/03\/Innerbanier4.jpg","type":"image\/jpeg"}],"twitter_card":"summary_large_image","twitter_misc":{"Gesch\u00e4tzte Lesezeit":"1\u00a0Minute"},"schema":{"@context":"https:\/\/schema.org","@graph":[{"@type":"WebPage","@id":"https:\/\/www.homolumbricus.eu\/fr\/vision\/network\/","url":"https:\/\/www.homolumbricus.eu\/fr\/vision\/network\/","name":"Homo lumbricus &bull; Netzwerk, Mitgliedschaft und Kooperationen","isPartOf":{"@id":"https:\/\/www.homolumbricus.eu\/de\/#website"},"datePublished":"2020-11-19T21:04:47+00:00","dateModified":"2021-04-23T08:35:36+00:00","description":"Ich kooperiere mit zahlreichen Partnern. Ich bin Mitglied des Deutschen Fachverbands f\u00fcr Agroforstwirtschaft (DeFaF) e.V.","breadcrumb":{"@id":"https:\/\/www.homolumbricus.eu\/fr\/vision\/network\/#breadcrumb"},"inLanguage":"de","potentialAction":[{"@type":"ReadAction","target":["https:\/\/www.homolumbricus.eu\/fr\/vision\/network\/"]}]},{"@type":"BreadcrumbList","@id":"https:\/\/www.homolumbricus.eu\/fr\/vision\/network\/#breadcrumb","itemListElement":[{"@type":"ListItem","position":1,"name":"Accueil","item":"https:\/\/www.homolumbricus.eu\/de\/"},{"@type":"ListItem","position":2,"name":"Vision","item":"https:\/\/www.homolumbricus.eu\/fr\/vision\/"},{"@type":"ListItem","position":3,"name":"Partenaires"}]},{"@type":"WebSite","@id":"https:\/\/www.homolumbricus.eu\/de\/#website","url":"https:\/\/www.homolumbricus.eu\/de\/","name":"Homo lumbricus","description":"Beratung, Coaching und Vortr\u00e4ge zu Agroforst, lebendigen B\u00f6den, Waldg\u00e4rten und Permakultur","publisher":{"@id":"https:\/\/www.homolumbricus.eu\/de\/#\/schema\/person\/ccda8c386f79faf31c9611a587555f8b"},"potentialAction":[{"@type":"SearchAction","target":{"@type":"EntryPoint","urlTemplate":"https:\/\/www.homolumbricus.eu\/de\/?s={search_term_string}"},"query-input":"required name=search_term_string"}],"inLanguage":"de"},{"@type":["Person","Organization"],"@id":"https:\/\/www.homolumbricus.eu\/de\/#\/schema\/person\/ccda8c386f79faf31c9611a587555f8b","name":"S\u00e9bastien Masclet","image":{"@type":"ImageObject","inLanguage":"de","@id":"https:\/\/www.homolumbricus.eu\/de\/#\/schema\/person\/image\/","url":"https:\/\/secure.gravatar.com\/avatar\/59295af188e5b2876e245c63b0614aba?s=96&d=mm&r=g","contentUrl":"https:\/\/secure.gravatar.com\/avatar\/59295af188e5b2876e245c63b0614aba?s=96&d=mm&r=g","caption":"S\u00e9bastien Masclet"},"logo":{"@id":"https:\/\/www.homolumbricus.eu\/de\/#\/schema\/person\/image\/"},"sameAs":["https:\/\/www.homolumbricus.eu","https:\/\/www.linkedin.com\/in\/s\u00e9bastien-masclet-605b4732\/"]}]}},"_links":{"self":[{"href":"https:\/\/www.homolumbricus.eu\/de\/wp-json\/wp\/v2\/pages\/31"}],"collection":[{"href":"https:\/\/www.homolumbricus.eu\/de\/wp-json\/wp\/v2\/pages"}],"about":[{"href":"https:\/\/www.homolumbricus.eu\/de\/wp-json\/wp\/v2\/types\/page"}],"author":[{"embeddable":true,"href":"https:\/\/www.homolumbricus.eu\/de\/wp-json\/wp\/v2\/users\/1"}],"replies":[{"embeddable":true,"href":"https:\/\/www.homolumbricus.eu\/de\/wp-json\/wp\/v2\/comments?post=31"}],"version-history":[{"count":20,"href":"https:\/\/www.homolumbricus.eu\/de\/wp-json\/wp\/v2\/pages\/31\/revisions"}],"predecessor-version":[{"id":847,"href":"https:\/\/www.homolumbricus.eu\/de\/wp-json\/wp\/v2\/pages\/31\/revisions\/847"}],"up":[{"embeddable":true,"href":"https:\/\/www.homolumbricus.eu\/de\/wp-json\/wp\/v2\/pages\/26"}],"wp:featuredmedia":[{"embeddable":true,"href":"https:\/\/www.homolumbricus.eu\/de\/wp-json\/wp\/v2\/media\/682"}],"wp:attachment":[{"href":"https:\/\/www.homolumbricus.eu\/de\/wp-json\/wp\/v2\/media?parent=31"}],"curies":[{"name":"wp","href":"https:\/\/api.w.org\/{rel}","templated":true}]}}

<h1>Kooperationen und Netzwerk</h1>


<p>Das Kooperieren mit zahlreichen Partnern aus der regenerativen Landwirtschaft und der Agroforst in Deutschland sowie Frankreich gewährleistet eine umfangreiche und vielfältige Fachexpertise.</p>
<p>Besonders zu nennen sind :</p>
<p>Burkhard Kayser (<a href="http://www.nachhaltige-landnutzung.de/">Beratung für nachhaltige Landnutzung</a>),</p>
<p>Christiane Lüst (<a href="http://www.oeko-und-fair.de/">Öko und Fair</a>, Gauting),</p>
<p>SoLawi <a href="http://sonnenwurzel.de/" target="_blank" rel="noopener noreferrer">Sonnenwurzel</a>, Reichling</p>
<p></p>
<p>Ich bin Mitglied :</p>
<ul>
<li>des Deutschen Fachverbands für Agroforstwirtschaft (<a href="https://agroforst-info.de/" target="_blank" rel="noopener noreferrer">DeFaF</a>) e.V.</li>
<li>der European Agroforestry Federation (<a href="https://euraf.isa.utl.pt/welcome" target="_blank" rel="noopener noreferrer">Euraf</a>)</li>
<li>der Association Fran<span class="aCOpRe">ç</span>aise Arbres Champêtres et Agroforesteries (<a href="https://afac-agroforesteries.fr/" target="_blank" rel="noopener noreferrer">Afac-Agroforesteries</a>)</li>
<li>der Association Fran<span class="aCOpRe">ç</span>aise d&#8217;AgroForesterie (<a href="https://www.agroforesterie.fr/index.php">AFAF</a>)</li>
<li>der Association <a href="https://ap32.fr/">Arbre et Paysage 32</a></li>
</ul>


<p></p>

<p>Kooperationen und Netzwerk Das Kooperieren mit zahlreichen Partnern aus der regenerativen Landwirtschaft und der Agroforst in Deutschland sowie Frankreich gewährleistet eine umfangreiche und vielfältige Fachexpertise. Besonders zu nennen sind : Burkhard Kayser (Beratung für nachhaltige Landnutzung), Christiane Lüst (Öko und Fair, Gauting), SoLawi Sonnenwurzel, Reichling Ich bin Mitglied : des Deutschen Fachverbands für Agroforstwirtschaft (DeFaF) e.V. der European Agroforestry Federation (Euraf) der Association Française Arbres Champêtres et Agroforesteries (Afac-Agroforesteries) der Association Française d&#8217;AgroForesterie (AFAF) der Association Arbre et Paysage 32</p>

<!-- This site is optimized with the Yoast SEO plugin v20.6 - https://yoast.com/wordpress/plugins/seo/ -->
<title>Homo lumbricus &bull; Netzwerk, Mitgliedschaft und Kooperationen</title>
<meta name="description" content="Ich kooperiere mit zahlreichen Partnern. Ich bin Mitglied des Deutschen Fachverbands für Agroforstwirtschaft (DeFaF) e.V." />
<meta name="robots" content="index, follow, max-snippet:-1, max-image-preview:large, max-video-preview:-1" />
<link rel="canonical" href="https://www.homolumbricus.eu/fr/vision/network/" />
<meta property="og:locale" content="de_DE" />
<meta property="og:type" content="article" />
<meta property="og:title" content="Homo lumbricus &bull; Netzwerk, Mitgliedschaft und Kooperationen" />
<meta property="og:description" content="Ich kooperiere mit zahlreichen Partnern. Ich bin Mitglied des Deutschen Fachverbands für Agroforstwirtschaft (DeFaF) e.V." />
<meta property="og:url" content="https://www.homolumbricus.eu/fr/vision/network/" />
<meta property="og:site_name" content="Homo lumbricus" />
<meta property="article:modified_time" content="2021-04-23T08:35:36+00:00" />
<meta property="og:image" content="https://www.homolumbricus.eu/wp-content/uploads/2021/03/Innerbanier4.jpg" />
	<meta property="og:image:width" content="1400" />
	<meta property="og:image:height" content="380" />
	<meta property="og:image:type" content="image/jpeg" />
<meta name="twitter:card" content="summary_large_image" />
<meta name="twitter:label1" content="Geschätzte Lesezeit" />
	<meta name="twitter:data1" content="1 Minute" />
<script type="application/ld+json" class="yoast-schema-graph">{"@context":"https://schema.org","@graph":[{"@type":"WebPage","@id":"https://www.homolumbricus.eu/fr/vision/network/","url":"https://www.homolumbricus.eu/fr/vision/network/","name":"Homo lumbricus &bull; Netzwerk, Mitgliedschaft und Kooperationen","isPartOf":{"@id":"https://www.homolumbricus.eu/de/#website"},"datePublished":"2020-11-19T21:04:47+00:00","dateModified":"2021-04-23T08:35:36+00:00","description":"Ich kooperiere mit zahlreichen Partnern. Ich bin Mitglied des Deutschen Fachverbands für Agroforstwirtschaft (DeFaF) e.V.","breadcrumb":{"@id":"https://www.homolumbricus.eu/fr/vision/network/#breadcrumb"},"inLanguage":"de","potentialAction":[{"@type":"ReadAction","target":["https://www.homolumbricus.eu/fr/vision/network/"]}]},{"@type":"BreadcrumbList","@id":"https://www.homolumbricus.eu/fr/vision/network/#breadcrumb","itemListElement":[{"@type":"ListItem","position":1,"name":"Accueil","item":"https://www.homolumbricus.eu/de/"},{"@type":"ListItem","position":2,"name":"Vision","item":"https://www.homolumbricus.eu/fr/vision/"},{"@type":"ListItem","position":3,"name":"Partenaires"}]},{"@type":"WebSite","@id":"https://www.homolumbricus.eu/de/#website","url":"https://www.homolumbricus.eu/de/","name":"Homo lumbricus","description":"Beratung, Coaching und Vorträge zu Agroforst, lebendigen Böden, Waldgärten und Permakultur","publisher":{"@id":"https://www.homolumbricus.eu/de/#/schema/person/ccda8c386f79faf31c9611a587555f8b"},"potentialAction":[{"@type":"SearchAction","target":{"@type":"EntryPoint","urlTemplate":"https://www.homolumbricus.eu/de/?s={search_term_string}"},"query-input":"required name=search_term_string"}],"inLanguage":"de"},{"@type":["Person","Organization"],"@id":"https://www.homolumbricus.eu/de/#/schema/person/ccda8c386f79faf31c9611a587555f8b","name":"Sébastien Masclet","image":{"@type":"ImageObject","inLanguage":"de","@id":"https://www.homolumbricus.eu/de/#/schema/person/image/","url":"https://secure.gravatar.com/avatar/59295af188e5b2876e245c63b0614aba?s=96&d=mm&r=g","contentUrl":"https://secure.gravatar.com/avatar/59295af188e5b2876e245c63b0614aba?s=96&d=mm&r=g","caption":"Sébastien Masclet"},"logo":{"@id":"https://www.homolumbricus.eu/de/#/schema/person/image/"},"sameAs":["https://www.homolumbricus.eu","https://www.linkedin.com/in/sébastien-masclet-605b4732/"]}]}</script>
<!-- / Yoast SEO plugin. -->

Ich kooperiere mit zahlreichen Partnern. Ich bin Mitglied des Deutschen Fachverbands für Agroforstwirtschaft (DeFaF) e.V.

Beratung, Coaching und Vorträge zu Agroforst, lebendigen Böden, Waldgärten und Permakultur

Sébastien Masclet

https://www.linkedin.com/in/sébastien-masclet-605b4732/
